2*k + 238 = 0. Calculate the remainder when k is divided by 9.
7
Let c = -128 + 193. Let m(t) = t**2 + 14*t + 27. Let l be m(-13). Calculate the remainder when c is divided by l - 0 - (-4 + (-4 - -5)).
14
Let m(l) = -l**3 - 5*l**2 - 5*l + 3. Let w be m(-5). Calculate the remainder when 143 is divided by w/154 - 634/(-22).
27
Let n = 19 + -14. Suppose 0 = -n*z + 181 - 26. What is the remainder when z is divided by 16?
15
Let o be (-22 - 3)*((-54)/(-10) + 1). Let h = -104 - o. Calculate the remainder when h is divided by 15.
11
Suppose 0 = -12*t + 217 - 133. Calculate the remainder when 95 is divided by t.
4
Let f be 0*(20/6 - 3). Let u be 1*f*(-2)/(-4). Suppose 4*j - 12 + 0 = u. Calculate the remainder when 5 is divided by j.
2
Suppose 0 = s + j - 7, 2*s = -5*j + 24 - 7. What is the remainder when 23 is divided by s?
5
Let b(k) = k**2 + 4*k. Suppose -5*r - 3*c - 48 = -7*c, -5*r - 5*c - 30 = 0. Let l = 31 - 14. Calculate the remainder when b(r) is divided by l.
15
Let o(x) = -2*x**2 + 37*x - 122. Calculate the remainder when 557 is divided by o(11).
41
Let i = -9 + 12. Let q(g) = 3 - 4*g**2 + 8*g**3 + 6*g**i + 3*g - 13*g**3. What is the remainder when 10 is divided by q(3)?
1
Suppose 84 = 2*n - 8*n. Suppose -4*k - 5 = -13. What is the remainder when (-60)/n - (-12)/(-42) is divided by k?
0
Let y = -87 + 81. Let x(w) = -w**2 - 14*w - 13. What is the remainder when x(y) is divided by 20?
15
Calculate the remainder when 69 is divided by ((-15)/(-4))/((-15)/(-40)).
9
Suppose 0 = -5*r + z + 40, 0 = -0*r - 5*r - 4*z + 40. Let b(n) = r*n + 11*n + 5*n. What is the remainder when b(3) is divided by 25?
22
Let g = 2587 - 2585. Calculate the remainder when 162 is divided by g.
0
Suppose 51 = -4*f - 133. What is the remainder when (f/10)/(-1 + 12/15) is divided by 14?
9
Let b be (-13 - -10)*4/(-6). Suppose -5*z + m - 5*m = -303, b*m + 114 = 2*z. What is the remainder when z is divided by 31?
28
Let t(n) = -n**2 + 7*n + 17. Let s be t(8). Let q(k) = 2*k**2 - 4*k - 5. Calculate the remainder when q(-4) is divided by (69/s)/((-3)/(-9)).
20
Let k be 1/2 + -1 + 6/12. Suppose -19 + k = -t. Calculate the remainder when t is divided by 10.
9
Let d(u) = 4*u**2 - 3*u - 6. Let o be d(-4). Suppose 4*w = q + 1 + 4, 2*w = -4*q + o. Calculate the remainder when 55 is divided by q.
10
Let r = 38 - 29. Suppose j = 2*v - 63, v + 2*j = 7*j + r. Calculate the remainder when v is divided by 12.
10
Suppose -3*p + 50 = 4*f, -7*p + f + 54 = -3*p. Let d = p - 6. Suppose d = 3*t - 34. What is the remainder when t is divided by 5?
4
Suppose 4*m = -m - b + 290, 2*m - 2*b = 104. What is the remainder when m is divided by (-60)/(-2)*40/50 - 4?
17
Let x(l) = 59*l - 187. What is the remainder when 292 is divided by x(4)?
47
Let n = -73 + 95. Suppose 7 = -t - 3*u + n, -3*u = -t + 15. Let j(o) = -10*o + 2. What is the remainder when j(-4) is divided by t?
12
Let b = -53 + 55. Suppose l + b*l = 3*d + 180, -5*l + 292 = -d. Calculate the remainder when l is divided by (2 - 44/7)*-7.
28
Suppose 3*l + 0*l - 117 = 0. Suppose v - 7 = 8. Calculate the remainder when l is divided by v.
9
Let w(c) = -c**3 + 18*c**2 + 4*c + 17. Let d be w(18). Let a = -43 + d. What is the remainder when 182 is divided by a?
44
Let o(l) = -4*l - 26. Let f be o(-18). Suppose -32*a - f = -34*a. What is the remainder when 89 is divided by a?
20
Let p(v) = -v**3 - 21*v**2 - 23*v - 16. Calculate the remainder when p(-20) is divided by ((-8)/(-12))/((-4)/(-72)).
8
Suppose 16*f = 11*f - 10. Let o = f - -32. What is the remainder when 59 is divided by o?
29
Suppose 2*t - 222 = 2*b, -3*t - b + 34 = -299. What is the remainder when t is divided by 16?
15
Let y(u) = -43*u**3 + 5*u**2 - 1. Let w(c) = -87*c**3 + 9*c**2 - 2. Let n(z) = 3*w(z) - 5*y(z). Calculate the remainder when n(-1) is divided by 12.
11
Let a(o) = 5*o**2 + 20*o - 70. Calculate the remainder when 68 is divided by a(3).
33
Let t(b) = b**2 - 8*b - 11. Suppose 147 + 244 = 3*h - 2*k, -5*h - 4*k + 637 = 0. Calculate the remainder when h is divided by t(11).
19
Let a(w) = -w**2 - 5*w - 1. Let x be a(-5). Let l = -1 + 16. What is the remainder when (-29 + (2 - 0))*x is divided by l?
12
Let a = -19 + -7. Let f be 87/(-9) - (-3)/(-9). Let q = f - a. What is the remainder when 62 is divided by q?
14
Let h(j) = 28*j**3 + 5*j**2 - 5*j - 1. What is the remainder when h(1) is divided by 12/2*12/6?
3
Let m be (-2 + (-21)/(-6))*4. Suppose m = -3*a + 2*a. What is the remainder when 104/(-6)*9/a is divided by 14?
12
Suppose 11*h - 316 = 91. What is the remainder when 71 is divided by h?
34
Let h = -43 + 46. Suppose -5*l - h = -83. What is the remainder when 62 is divided by l?
14
Let r(d) = -d**2 + 6*d + 1. Let s = 18 + 11. Calculate the remainder when s is divided by r(5).
5
Suppose -2*j + j = -3. Suppose 7 = -j*d + 142. What is the remainder when (-40)/d*6*-6 is divided by 17?
15
Let j = -37 - -42. Let o = 19 - j. Calculate the remainder when 53 is divided by o.
11
Let r(i) = i**3 + 2*i**2 - i - 10. Let p be r(-3). What is the remainder when 71 + -8*4/p is divided by (2/2)/1 + 14?
13
Let k(v) = 206*v - 182. Let f(x) = x + 0*x + 1 - 3*x. Calculate the remainder when k(1) is divided by f(-4).
6
Suppose -4*m + 0*g + 22 = 2*g, -2*m - 4 = -4*g. Suppose 0 = m*c, 3*c = -0*a + a + 28. What is the remainder when 78 is divided by -3*1 - (a + 5)?
18
Let d(x) = -11*x**3 - x**2 + 1. Let g(y) = -11*y - 111. Calculate the remainder when g(-17) is divided by d(-1).
10
Let m = -1 + -4. Let v(w) = 2 + 0*w - 7 + w**3 + 4*w**2 - 7*w. What is the remainder when 18 is divided by v(m)?
3
Let a(b) = 6*b**2 - 7*b + 10. Let g be a(7). Suppose 2*s = -0*v + 5*v + 267, -g = -2*s + v. Suppose 19 + s = 5*k. What is the remainder when 86 is divided by k?
28
Suppose 13*b - 5*b - 160 = 0. Suppose 0 = -3*k - k - b, 3*k - 57 = -4*n. What is the remainder when n is divided by 8?
2
Let l be (-4)/12 + 40/12. Suppose -2*v + l*h = -0*v - 16, 24 = 2*v - 5*h. What is the remainder when 6 is divided by v?
0
Suppose 2*d = v - 3 + 2, 0 = -2*v + 10. Suppose 54 + 26 = d*j. Let t = 38 + -24. Calculate the remainder when j is divided by t.
12
Calculate the remainder when 539 is divided by (20/4 - (-56)/(-12))*36.
11
Suppose -10*y + 4*k = -12*y + 54, -y - 4*k + 27 = 0. What is the remainder when 92 is divided by y?
11
Let j(h) = 33*h - 284. Calculate the remainder when j(11) is divided by 5.
4
Let k(o) = o**3 + 26*o**2 - 9*o + 100. Calculate the remainder when k(-26) is divided by 28.
26
Let u = -810 + 828. Calculate the remainder when u is divided by 11.
7
Let g = -388 + 399. What is the remainder when 3*7*1 + -2 is divided by g?
8
Let b(s) = -7*s - 39. Let u be b(-6). Calculate the remainder when 95 - (u + 1/(-1) - -1) is divided by 32.
28
What is the remainder when 56 is divided by -36*((-20)/12 + 1)?
8
Suppose 2*u + 21 - 91 = 0. Calculate the remainder when 243 is divided by u.
33
Suppose 32*h - 8*h = 288. What is the remainder when h is divided by 2?
0
Suppose 4*z - 134 = -3*s, 5*s + z - 237 = 9. Calculate the remainder when 99 is divided by s.
49
Let p(k) = -k**2 - 22*k - 23. Let z(d) = -21*d**2 + 1. Let s be z(-1). Let o = 49 - 17. What is the remainder when o is divided by p(s)?
15
Let v be (-2)/(-4 - 21/(-6)). Suppose 54 = 2*l - 0*b - b, 34 = 2*l + v*b. What is the remainder when 49 is divided by l?
24
Let j be (-16)/(-24) - 14/3. Let s(b) = -4*b + 2. Let x(l) = 5*l - 3. Let w(k) = j*s(k) - 3*x(k). Calculate the remainder when 27 is divided by w(14).
12
Suppose 0*t - 3*t + 27 = 0. What is the remainder when t is divided by 2/(-3) + 40/6 + -3?
0
Suppose 106*z - 2980 = -43*z. What is the remainder when -4*(1 - 51/2) is divided by z?
18
Let o be 21/(-9) + (-14)/21. Let v be (9/o - -2) + 24. Let k = v - 12. Calculate the remainder when 19 is divided by k.
8
Let r(y) = y - 17. Let d be r(0). Let q = d + 32. What is the remainder when 870/5*(3 + 1)/12 is divided by q?
13
Suppose 4*l + 11 = 55. Let h(f) = -f**2 + 12*f - 5. Suppose -23 = 4*s - 5*s. Calculate the remainder when s is divided by h(l).
5
What is the remainder when (-6)/(-1)*3*(-253)/(-46) is divided by 78?
21
Let y(f) = f + 8. Let s be y(-4). Suppose s*d - 96 + 28 = 0. Calculate the remainder when d is divided by (-1 - (-15)/9)*15.
7
Let u = 300 - 209. Calcula